ppose 0 = 5*p + 79 - 114. What is the highest common factor of 3 and p?
1
Let j(l) = -l**2 + 2*l + 4. Let c be j(-4). Suppose -4*f = o + 128, -f - o = f + 66. Let b = c - f. What is the highest common factor of b and 1?
1
Suppose 2*l - 216 = -l. Suppose -t + 4*t = l. What is the greatest common divisor of 12 and t?
12
Suppose -3*c + 30 = 3*v, 4*c - 2*c - 4*v - 14 = 0. Suppose 0 = -4*l + l. Suppose -d - 4*d + 360 = l. What is the greatest common factor of d and c?
9
Let m be -4 - -1 - (-2 + -15). Suppose -4*t - 2 = -m. Let x = 47 + t. Calculate the greatest common divisor of 10 and x.
10
Suppose 3*f + 3 = 3*r - 24, 45 = 4*r + 5*f. What is the highest common divisor of r and 80?
10
Suppose 2*t + t - 2*s = -53, 3*t + 2*s = -73. Let u be (1 - (-54)/8)*4. Let i = u + t. What is the greatest common factor of 40 and i?
10
Let q(v) = -5*v. Let t be q(-2). Suppose -o = -4 - 21. Calculate the highest common factor of o and t.
5
Suppose -35 = -4*w - 15. What is the highest common factor of w and 5?
5
Let d be ((-10)/(-15))/(4/78). What is the greatest common divisor of d and 65?
13
Let z = 199 + -82. Calculate the highest common divisor of z and 13.
13
Suppose 2*m = 1 + 7. What is the highest common divisor of m and 36?
4
Suppose 0 = 7*i - 186 + 116. Suppose -5*l + 4*w = -2, 0*w + 6 = 3*w. Calculate the greatest common factor of i and l.
2
Let r(m) = -m**2 - 12*m - 17. Let x be r(-5). What is the highest common factor of x and 9?
9
Suppose 16 = 2*c - z + 4, 4*z = -5*c + 56. Let g = 11 + 1. Let l = -11 + g. Calculate the highest common factor of l and c.
1
Let f be 1/(14/(-8) + 2). Suppose -2*t = -3*p + 18 + 38, -f*t - 4 = 0. Calculate the greatest common divisor of 9 and p.
9
Suppose -4*b = 20, -5*v + 476 = -b - 129. Suppose 0 = -4*m - 5*g + 45, -m + g = 5*g - 3. What is the greatest common divisor of m and v?
15
Let s be -1 - (-3 + 0 + 3). Let y be (0 - 3) + 16 - s. Calculate the greatest common divisor of y and 21.
7
Let z(v) = -2*v**2 + 5*v - 1. Let w be z(4). Let a = -6 - w. What is the greatest common factor of a and 63?
7
Suppose -3*g - 3 + 17 = -h, 2*h + 20 = 4*g. Suppose s + 3*i = -3*s + 90, 0 = -g*i + 8. What is the highest common factor of s and 84?
21
Let v = 31 + 0. Let n = v - -1. Calculate the highest common factor of 16 and n.
16
Suppose 3*y = 8*y - 50. Suppose y = w - 23. Let v be 62/18 - (-12)/(-27). What is the highest common divisor of v and w?
3
Let w = -25 + 113. Suppose 5*a - k + 4 - 59 = 0, 5*a - 55 = -k. What is the greatest common divisor of a and w?
11
Suppose 4*o = 3*x + 56, 3*x - 3*o + o + 58 = 0. Let a be 2/10 + (-796)/x. What is the greatest common divisor of a and 10?
10
Let r(u) = -u**3 - u**2 + 2*u + 30. Let s be r(0). Calculate the greatest common divisor of 6 and s.
6
Let y = 4 - 1. Suppose 0 = -5*i + 2*a + 80, -y*i + 4*a - 2 = -2*i. Let z = -1 + 19. Calculate the greatest common factor of i and z.
18
Let f be 2/(-8) + 29/4. Suppose 5*c + f = 22. Let a = 162 + -161. Calculate the highest common factor of a and c.
1
Let d be 0/(-1) + -2 - -5. Suppose i + 8 = d*i. Suppose 80 = m + i*m. What is the highest common factor of m and 4?
4
Let y be (-4)/6 + (-332)/(-12). Calculate the highest common divisor of y and 108.
27
Let p(o) = -o**3 + 3*o**2 + o + 1. Let y be p(3). Let z be y/18 + (-784)/(-36). Let m be 2086/z + 8/44. What is the greatest common divisor of 38 and m?
19
Suppose 2*s + 2 = 6. Suppose 0 = s*g + g - 66. What is the greatest common divisor of g and 33?
11
Let r(i) = -i**3 + 5*i**2 + 26*i + 8. Let j be r(8). What is the greatest common divisor of 12 and j?
12
Let b be -2*(-5)/(-4)*-2. Suppose 8 = -h + b*h. Suppose 3*k = -h*k + 65. Calculate the greatest common factor of 13 and k.
13
Let c = 17 - 13. Suppose c*h = 2*h + 144. Calculate the greatest common factor of h and 8.
8
Suppose 1 = -c, -2*b - c = 3*c - 12. Suppose 0 = -0*f + 4*f - b. What is the greatest common divisor of 16 and f?
2
Let h(n) = -n**3 + 6*n**2 + 9*n - 7. Let d(g) = g**2 - 4*g + 2. Let z be d(5). Let x be h(z). Let b = 12 - x. What is the highest common divisor of 35 and b?
5
Suppose -15 = 5*a - 0*a. Let y be (2/(-2) - -2)/(-1). Let u = y - a. What is the highest common divisor of 14 and u?
2
Let s be ((-86)/(-8))/(1/4). Suppose -12 = 6*g - 5*g. Let u = s - g. Calculate the greatest common divisor of 22 and u.
11
Suppose 0 = 3*u - 4*l - 194, 0 = -8*u + 5*u + 3*l + 189. Calculate the highest common factor of 29 and u.
29
Let v(f) = -2*f + 14. Let b be v(-14). Let n(h) = 63*h. Let w be n(1). Calculate the highest common factor of w and b.
21
Let j(r) = r**2 - 61. Let v be j(0). Let m = -23 - v. What is the highest common factor of m and 19?
19
Let c = -5 + 8. Suppose -c*g - t = -0*g - 91, 0 = -2*g + 5*t + 89. Calculate the greatest common divisor of 8 and g.
8
Suppose 58*z - 55*z = 36. What is the greatest common divisor of 36 and z?
12
Suppose 0 = -6*w - w + 196. Calculate the greatest common factor of 70 and w.
14
Suppose -z - 5 + 2 = 0, -2*m + 5*z = -41. Let k be (-1)/(-2) - (-233)/2. What is the greatest common factor of k and m?
13
Let k(g) = 39*g - 13. Let y(l) = -20*l + 7. Let d(v) = -6*k(v) - 11*y(v). Let c be d(-1). What is the highest common factor of c and 6?
3
Let d(w) = 3*w + 0 + 0*w**3 - 1 - w**3 + 0 + 5*w**2. Let l be d(5). Calculate the highest common factor of 14 and l.
14
Suppose b - 1163 = -4*p - 2*b, 0 = 2*p - b - 569. Calculate the highest common divisor of 41 and p.
41
Let a(o) = o + 6. Let i be a(-4). What is the highest common divisor of i and 2?
2
Let s = 21 - 11. Calculate the greatest common factor of s and 4.
2
Let l(m) = -2*m - 5. Let j(h) = -5 - 5*h + 4*h - h. Let f(s) = 7*j(s) - 6*l(s). Let v be f(-6). Calculate the highest common factor of v and 56.
7
Let z be (-6)/1*15/(-6). Suppose -2*y - 3 = -3*y. Suppose 5*c - 47 = y. Calculate the highest common factor of c and z.
5
Let i = -200 + 139. Let b = 106 + i. What is the greatest common divisor of 5 and b?
5
Let y be 0*(2 + (-21)/9). Suppose y = 4*d - 10 + 2. Let o(j) = -j**3 + 7*j**2 + 5. Let i be o(7). Calculate the greatest common divisor of d and i.
1
Suppose 0 = 4*d - r - 3*r - 1040, 4*d - r = 1052. Suppose d = -p + 3*p. What is the highest common factor of 12 and p?
12
Suppose -15 + 6 = 3*h, 0 = 5*r - 2*h - 66. Let g = r + 5. Let b = -99 + 167. Calculate the highest common divisor of b and g.
17
Let y(v) = 3*v**2 - v. Suppose -3*b - 9 = -4*w - w, 2*w - 16 = -5*b. Suppose b = -2*x + x. Let t be y(x). Calculate the highest common factor of 2 and t.
2
Suppose 0 - 5 = -i. Let c = 2 + i. What is the greatest common factor of 35 and c?
7
Suppose 2*r = l, 3*r + 0*l = 2*l - 1. Let u = r + -2. Let i(k) = 27*k**2 + k. Let y be i(u). Calculate the highest common factor of y and 65.
13
Suppose -4*q - 4 = -5*q. Suppose 0 = -0*c + 3*c + 3. Let l = 3 - c. What is the greatest common factor of l and q?
4
Let y be 52/10 + 2/(-10). Suppose -y*n - 1 - 4 = 0. Let x be (-1)/(n/(-1 + 10)). Calculate the highest common factor of 6 and x.
3
Let l(g) = g - 29. Let f be l(0). Let u = -148 - f. Let p = -64 - u. What is the highest common divisor of p and 11?
11
Let o = -9 - -6. Let b = o + 4. What is the highest common factor of b and 7?
1
Let i = -2 - -2. Suppose 10*u - 9*u - 76 = i. What is the highest common divisor of u and 19?
19
Suppose 0*l + 180 = 2*l. Let j be (27/36)/((-388)/(-192) - 2). What is the greatest common factor of l and j?
18
Let x = -11 + 21. Suppose x = 3*f - 23. What is the highest common divisor of 110 and f?
11
Suppose 3*x = -0*q - 4*q + 163, -x = -q + 39. Let w = -16 - -18. Suppose -60 = -w*v - v. Calculate the highest common divisor of q and v.
20
Suppose -6*a = -5*a - 6. What is the highest common factor of a and 2?
2
Let w be 3 + (1 + -2)/(2/(-4)). Calculate the highest common divisor of 1 and w.
1
Let o = 28 + -4. Calculate the highest common divisor of 3 and o.
3
Suppose -4*y - 3*p + 292 = 0, 2*p + 16 = 6*p. Suppose -5*f + 5*c = -y, 3 - 6 = c. Let o = 82 + -49. Calculate the greatest common factor of o and f.
11
Let v be 1/(1 + (3 - 5)). Let d(l) = -44*l**3 + 2*l**2 + 2*l. Let b be d(v). What is the greatest common divisor of b and 11?
11
Let o be (-2)/2 + -3516 + 1. Let f be o/(-20) + (-2)/(-10). What is the highest common divisor of f and 16?
16
Le